) in base 9?
145444
Convert -11221102111 (base 3) to base 7.
-553402
What is -40300045 (base 6) in base 4?
-10113010331
Convert -b058ca (base 13) to base 10.
-4096726
211523362 (base 7) to base 4
233322213103
Convert 244023244 (base 5) to base 2.
100011010101100111101
Convert 121300323 (base 4) to base 7.
616446
-4920c (base 14) to base 13
-634a1
What is -30246 (base 12) in base 7?
-350235
-26aa0f (base 16) to base 4
-21222220033
-1ab25 (base 12) to base 5
-2232004
Convert 731620 (base 8) to base 14.
6458c
What is -10200412133 (base 5) in base 4?
-220102030211
-a319c (base 15) to base 10
-516747
12a9e (base 16) to base 6
1345530
-ac6a2 (base 15) to base 13
-162713
-25521533 (base 6) to base 16
-cbde1
16650325 (base 8) to base 13
a614b5
Convert -3b60260 (base 13) to base 2.
-1000111011110010100110000
What is -6c4a9 (base 14) in base 11?
-170685
What is -11110110010101010 (base 2) in base 16?
-1ecaa
1112002201222 (base 3) to base 14
170b7a
What is -2200002020 (base 3) in base 5?
-3140143
83853 (base 9) to base 3
2210221210
16762 (base 13) to base 9
64884
110110002 (base 3) to base 10
9074
What is 60552514 (base 8) in base 9?
26021180
-2a5e3 (base 16) to base 8
-522743
What is 246311106 (base 7) in base 3?
1002022200201000
What is 26a79 (base 12) in base 6?
1051033
Convert -2b5c9e (base 15) to base 5.
-1014022344
-254a46c (base 13) to base 11
-663567a
What is -531059 (base 12) in base 9?
-2413416
What is -101301213 (base 4) in base 3?
-10200212120
What is -111020101012022 (base 3) in base 8?
-32652630
Convert 1203311301 (base 4) to base 15.
81280
What is -20451152 (base 7) in base 14?
-32d3d2
What is 11100011000101011111 (base 2) in base 11?
585915
Convert 1a9132 (base 12) to base 6.
14040502
What is -12204043 (base 5) in base 11?
-7a29a
-34100151 (base 7) to base 11
-1740528
-1116454 (base 8) to base 3
-120100210021
251441 (base 10) to base 15
4e77b
What is -800034 (base 9) in base 4?
-1303111213
What is 11353564 (base 7) in base 15?
14cb5d
Convert -1354c7 (base 13) to base 10.
-468800
What is 1540b3 (base 15) in base 3?
1221010122020
-68209c (base 15) to base 4
-102330323103
-989257 (base 11) to base 6
-53501330
Convert -960ec (base 15) to base 5.
-110213342
Convert -2c605 (base 16) to base 11.
-114621
44d3 (base 16) to base 10
17619
1100010000101000000001 (base 2) to base 3
20001021112120
Convert -3434034 (base 10) to base 7.
-41121522
Convert -64a73 (base 12) to base 11.
-908a8
What is -624ab9 (base 14) in base 3?
-20020111220020
-15c4d8 (base 14) to base 9
-1383663
What is 510279 (base 10) in base 8?
1744507
Convert -8614421 (base 9) to base 5.
-2140200032
Convert 35a03 (base 14) to base 6.
2450055
-863c3 (base 15) to base 10
-426108
What is -10e4a2b (base 15) in base 4?
-232031303132
What is -60134346 (base 8) in base 4?
-300023203212
Convert -1663223 (base 7) to base 15.
-4952b
104126 (base 9) to base 8
171166
200101321332 (base 4) to base 6
501211410
What is -3711669 (base 10) in base 2?
-1110001010001010110101
Convert 661683 (base 9) to base 2.
1100000011011000110
What is -e8dc (base 15) in base 2?
-1100000001101001
Convert 240c2 (base 14) to base 15.
1b103
Convert 1000100010001101 (base 2) to base 5.
2104312
What is -1056107 (base 12) in base 16?
-2f4e17
Convert 12202423 (base 5) to base 12.
57158
41025153 (base 6) to base 5
244421031
What is 112303123130 (base 4) in base 2?
10110110011011011011100
What is 65237 (base 10) in base 14?
19abb
What is -9ba5c (base 14) in base 7?
-3132645
What is -120100001202 (base 3) in base 5?
-34124403
What is -160621 (base 12) in base 2?
-1011011010101111001
Convert -1010101011010100 (base 2) to base 5.
-2344412
8261916 (base 10) to base 3
120112202012220
-1101010101011111011 (base 2) to base 8
-1525373
What is b4887 (base 14) in base 3?
211010000222
1102031032 (base 4) to base 12
142a3a
What is -71388 (base 10) in base 9?
-117830
Convert 36961 (base 14) to base 9.
223181
Convert -134345 (base 6) to base 2.
-11000101111001
Convert -155735 (base 10) to base 2.
-100110000001010111
12243003 (base 5) to base 12
586b3
Convert -130122345 (base 6) to base 11.
-1479109
Convert 100001011101001100010 (base 2) to base 9.
2050740
-65009 (base 13) to base 3
-100021011002
-a4b03 (base 14) to base 4
-1200333233
-1571846 (base 10) to base 3
-2221212011112
Convert 1020212211112 (base 3) to base 15.
d290e
-723604 (base 8) to base 9
-404462
-1047448 (base 14) to base 12
-26b5aa0
What is 101231402 (base 6) in base 4?
12222102122
What is 265517 (base 9) in base 11?
1003a6
6d0413 (base 14) to base 12
12b8b01
Convert -1012030330 (base 4) to base 5.
-33200143
-300011300 (base 4) to base 14
-51ada
Convert -685ade (base 16) to base 4.
-122011223132
145352 (base 11) to base 2
110111010110000010
Convert 2323406 (base 9) to base 8.
4624364
What is 102111022211222 (base 3) in base 12?
20669b2
What is -21315214 (base 6) in base 10?
-632314
What is 3433780 (base 10) in base 15?
47c63a
What is f5fb5 (base 16) in base 8?
3657665
What is cd35 (base 14) in base 15?
a7d3
-1058ec (base 16) to base 15
-16267a
-136162 (base 9) to base 13
-2bb74
c5ab9 (base 15) to base 9
1154723
3716732 (base 10) to base 4
32023121330
What is 1aa205 (base 13) in base 4?
2211310300
What is 34b3411 (base 12) in base 5?
10101442044
Convert -1033112303 (base 4) to base 9.
-544778
What is -21354235 (base 6) in base 9?
-1171175
What is -15501124 (base 6) in base 13?
-164557
What is 6586b (base 13) in base 16?
2cdf0
208460a (base 11) to base 7
43106644
Convert -1463506 (base 7) to base 9.
-335107
43112052 (base 8) to base 3
122100001211010
Convert -2262116 (base 7) to base 10.
-284066
Convert 1000100110100001010011 (base 2) to base 16.
226853
-109388 (base 10) to base 4
-122231030
-55500 (base 11) to base 16
-13a51
What is -200212022022 (base 3) in base 5?
-43340120
184350 (base 10) to base 11
116561
-69034b (base 13) to base 3
-11200021022000
Convert -3ee0d7 (base 15) to base 14.
-58db39
Convert 1020210012 (base 3) to base 6.
310005
Convert -9466 (base 15) to base 8.
-75213
157d4a8 (base 14) to base 15
dcd417
2b8c02 (base 14) to base 4
11303231202
Convert 340306 (base 10) to base 13.
bbb85
23cad6 (base 14) to base 13
33c037
-3c997 (base 14) to base 2
-100100101000111001
Convert d050 (base 16) to base 10.
53328
Convert 1321434 (base 8) to base 3.
200202202211
What is 10132011231 (base 4) in base 5?
244444241
What is 2a202 (base 13) in base 5?
10020212
Convert 521b (base 16) to base 12.
101b7
Convert 2282130 (base 10) to base 6.
120525230
What is 15493a (base 15) in base 8?
3727760
123153424 (base 6) to base 13
65ab9b
What is 1130610 (base 7) in base 3?
21012201210
-4bac1b (base 14) to base 8
-11735251
Convert -1110111110101100111 (base 2) to base 6.
-14304251
What is -1110010100110100111101 (base 2) in base 9?
-7053303
Convert -16a285 (base 12) to base 16.
-5f705
What is -22a33 (base 11) in base 4?
-20012212
What is -1100200302 (base 5) in base 4?
-20331233331
What is 334103510 (base 6) in base 3?
102102120210220
Convert 719a9 (base 14) to base 8.
1026241
What is -4395823 (base 10) in base 3?
-22021022221021
Convert -1398239 (base 10) to base 13.
-39c57b
-2011131123 (base 4) to base 11
-343786
Convert -2416016 (base 7) to base 11.
-19a71a
-92c0ad (base 14) to base 3
-100022111120112
101233102 (base 4) to base 13
270c1
Convert 74d0ca (base 14) to base 3.
21102220020220
What is -17991 (base 13) in base 11?
-31276
What is 2010221312 (base 4) in base 6?
15351302
What is -361442 (base 7) in base 8?
-177564
-13b5 (base 14) to base 6
-24055
Convert -224340415 (base 6) to base 9.
-7701282
Convert -15011620 (base 9) to base 11.
-4227850
What is -daa41 (base 14) in base 5?
-113410430
Convert 202211200111 (base 3) to base 9.
684614
What is -213310000 (base 4) in base 11?
-101578
Convert 1011000101110110110 (base 2) to base 9.
613488
What is 2250531 (base 9) in base 11?
75a295
What is 1815142 (base 9) in base 4?
3313212032
1111010011110110011011 (base 2) to base 14
7668c3
What is 859165 (base 10) in base 3?
1121122112221
1a50392 (base 11) to base 3
20111120101101
What is 7a020 (base 11) in base 7?
661444
What is 399a8 (base 11) in base 10?
57109
7314576 (base 8) to base 4
13121211332
-442630 (base 9) to base 5
-31430121
What is 3654848 (base 10) in base 13?
9ac742
Convert 5